6. What is the hundreds digit of p(5)?
6
Suppose 2*z = -o + 112, 0 = -2*z - 3*o + 16 + 96. Suppose -z = -s + 45. What is the hundreds digit of s?
1
Suppose 15 = f + 3*x, 5*f + 4*x + x - 25 = 0. Suppose c + 17 - 74 = f. What is the units digit of c?
7
Suppose -7*q + 14*q = 497. Let g = q + 90. What is the tens digit of g?
6
Let i = 2053 + -1351. What is the tens digit of i?
0
Let q(r) = r**2 - 7 - 2*r**2 - 10*r + 2*r. Let a be q(-6). Suppose b - 28 = 4*g, 4*b + a*g = -0*b + 49. What is the units digit of b?
6
What is the tens digit of (-5 - -7)*(-6)/4*-32?
9
Suppose 11*l = 10*l + d - 391, 4*d = -4*l - 1580. Let g = l + 601. What is the hundreds digit of g?
2
Let q be 4/16 - 13/4. Let x be -3 + 30/(-9)*q. What is the tens digit of 2/x + (-192)/(-14)?
1
Let n be 3*(0/3 + -1). What is the units digit of n/6 - (-2 - 29/2)?
6
Suppose -60 = -5*o + 8*o. Let h be (-1)/5 - 44/o. Suppose -2*q + 5*q = s + 63, 0 = q - h*s - 21. What is the tens digit of q?
2
Let p(f) = 11*f - 3. Let l(v) = 5*v - 1. Let u = -20 - -22. Let j(y) = u*p(y) - 5*l(y). What is the tens digit of j(-4)?
1
Let i = -35 + 87. Suppose n = 5*n - i. Let t = n + -8. What is the units digit of t?
5
Let n(b) = 2*b + 2. Let m be n(2). Suppose -5*s + 3*p + 133 = -4*s, 0 = 3*p + m. What is the units digit of s?
7
Suppose 12*y - 3223 = y. What is the hundreds digit of y?
2
Let c = 6494 - 4571. What is the thousands digit of c?
1
Let y(f) = 22*f - 3. Let h be y(3). Let s be 1 + (-1)/(4/(-8)). Suppose -s*d = 5*t - 61, 6*d - h = -5*t + 2*d. What is the tens digit of t?
1
Let u be ((-26)/13)/(2/3). What is the hundreds digit of 1*(-15)/6*(-79 + u)?
2
Suppose 0 = -130*a + 120*a + 3260. What is the units digit of a?
6
Let x be (-4)/14 + 276/84. Suppose 0 = -x*g - 0*o - o + 143, -5*g - o + 241 = 0. What is the tens digit of g?
4
What is the units digit of ((-6)/4)/(29/((-712124)/42))?
7
Suppose -5*w + 20 = 0, 4*f - w + 4*w = 4. Let a(j) = -42*j - 2. What is the units digit of a(f)?
2
Suppose 0 = -3*p + 4*m, -5*m + 8 = -p - 3. Let z(x) = -x**3 - 3*x**2 - 4*x - 4. Let c be z(-3). What is the units digit of 35/p - 6/c?
8
Suppose 3*c - 604 = -40*y + 39*y, -4*c = -16. What is the hundreds digit of y?
5
Suppose -1962 = -5*z + 2503. What is the hundreds digit of z?
8
Let x be (-13)/(-39)*(-8 - 1). Let m be 2/2 + x + 5. What is the units digit of 3/m - 0/4?
1
Let l be 9 - 2 - 3 - 1. Suppose 31 = l*a + 1. Suppose -44 - a = -2*m. What is the tens digit of m?
2
Suppose 0 = -49*k + 45*k + 4. Suppose 0 = 3*u + u + 12. What is the units digit of (k - -5)/(u/(-14))?
8
Suppose -1178 = 2*q - 4*q - 4*d, -q - d + 594 = 0. What is the units digit of q?
9
Suppose 243 = 5*t + 53. Suppose -5*v - 43 - 39 = -3*x, -t = -x - v. What is the units digit of x?
4
Let t be (-25)/(-7) - 9/(-21). Suppose -2*z + 14 = t*c, -4*c + 3*c = -3*z. What is the units digit of 4/1 + z + 2?
7
Let z(h) = -44*h + 343. What is the thousands digit of z(-20)?
1
Suppose -23*x + 23072 = -9*x. What is the thousands digit of x?
1
Let q(k) = -3 - k - k**3 + 2*k**3 + 4*k**3 - 4*k**3. Let u be q(0). What is the units digit of (60/(-16) + u)*-4?
7
Let y be (3 + 3)/2 + 0. Suppose y*h - 16 = -4. What is the units digit of h?
4
Let y be (40/24)/(-2*(-1)/6). Suppose -y*n + 119 = 2*n. What is the tens digit of n?
1
Let g = -21 + 16. Let j = 62 + g. What is the units digit of j?
7
Suppose 3 - 13 = 2*x, 0 = 4*z - x - 1445. Suppose 5*s - 45 = z. What is the tens digit of s?
8
Let r(a) = -a**3 + 4*a**2 - 5*a - 8. What is the units digit of r(-4)?
0
Let z = 8399 + -3910. What is the hundreds digit of z?
4
Let f = -226 - -120. Let m = f + 199. What is the tens digit of m?
9
Suppose -2*g + 4 = -4. Suppose -10 = -2*q + q - 5*r, -g*q + r + 61 = 0. Let p(y) = y - 6. What is the units digit of p(q)?
9
Let a be (-16)/(-16)*(-1)/(-1). Let x(r) = 108*r**2 + r. What is the units digit of x(a)?
9
Let k(s) = 2 - 2 + 7 + 2*s - 17*s. Let f be k(-3). Suppose 48 = 5*i - f. What is the units digit of i?
0
Suppose 5*w - w - 14 = -2*n, -2*n + 2 = 0. Suppose -t - m - 3 = 0, -2*t + w*m = 2*m - 9. Suppose -t*z + 15 = -29. What is the tens digit of z?
2
Let b be (-165)/44*8/(-6). Suppose 0 = 2*f - b*f + 42. What is the tens digit of f?
1
Let a be (32/(-80))/(2/(-330)). Suppose h - a = -5. What is the tens digit of h?
6
Let t be 2/(-1) - 944/(-4). Suppose 2*c - t = -4*y, 406 = 4*c - y - 89. Suppose 5*f - 2*f - c = 0. What is the tens digit of f?
4
Let c be 534 - (-4)/16*0. Suppose -15 = 5*q, 215 = -n - q + c. What is the units digit of n/7 + (-3)/(-1)?
9
Let u = -619 + 1408. What is the hundreds digit of u?
7
Suppose 4*z = -363 + 2391. What is the tens digit of z?
0
Suppose p = -0*p + 4*v + 2, -4*v = -3*p - 18. Let w = p + 13. Suppose -2*z = 5*r - 32, -4*z - w*r + 33 + 3 = 0. What is the units digit of z?
6
Let v be (-24)/32*(-25 - -1). Let q be ((-4)/6)/((-4)/v). What is the tens digit of (6/(-2))/q*-11?
1
What is the units digit of (-768)/(8/(-4))*(-28)/(-21)?
2
Let g = 17 - 30. Let j = g + 28. What is the tens digit of j?
1
Let f = 230 - 158. Let u(x) = 7*x + 4. Let z be u(6). Let b = f - z. What is the tens digit of b?
2
Let u(l) = 92*l + 1. Let j be u(2). Suppose 3*g - j = 8*g. What is the tens digit of -3 + 2/((-2)/g)?
3
Let f(o) = -131*o**3 + 2*o**2 + o. Let q be f(-1). Suppose q = 3*s - 57. What is the tens digit of s?
6
Let o = 17 + -11. Suppose o*w = 5*w + 296. What is the hundreds digit of w?
2
Suppose 18*f - 15*f = 0. Let x(h) = -6 - h**3 + f*h**2 + 4*h - 1 - 3*h - 6*h**2. What is the units digit of x(-7)?
5
Suppose -d - 6 = -4*d. Let m be 3*(d - 104/12). Let i = 64 + m. What is the tens digit of i?
4
Let z(g) = -g**3 - 5*g**2 - 8*g - 5. Let f be z(-3). What is the tens digit of f + -1 - (-2 + -61)?
6
Let o = 245 - 210. Suppose -88 = 5*c + j, 0*j = 3*j - 6. Let x = o - c. What is the units digit of x?
3
Let u(t) = 3*t - 9. Let y be u(8). Let g = y - 11. Suppose -12 = -g*w + 60. What is the tens digit of w?
1
Let n = 270 - 147. Let f = n + 39. What is the units digit of f?
2
Let d = 128 - 88. Let i(c) = -2*c + 16. Let a be i(7). Suppose 4*o - s = d, a*s = -4*o - s + 24. What is the units digit of o?
9
Let v be (4 + 2)/3*(-3)/6. What is the units digit of (-2)/((-15)/(-20)*v/3)?
8
Suppose -5*i = 5, 5*j + 5*i = 3*j + 37. Let n = 25 - j. Suppose -3*q + 175 = 3*v + q, 5*q = -n*v + 232. What is the units digit of v?
3
Suppose 0 = -12*v + 9*v + 477. Suppose 4*f = 7*f - v. What is the tens digit of f?
5
Suppose 8*b - 180 = 7*b. What is the units digit of b?
0
What is the thousands digit of ((-69390)/(-189))/((-2)/(-14))?
2
Suppose 6*r + 15 = r. Let d = 5 + r. Suppose -15 + 61 = d*h. What is the tens digit of h?
2
What is the tens digit of 2/(-4) + (3 - 330/(-4))?
8
Let k be (-8)/4 + 0 - -6. Suppose k*q = i - 0*i + 262, -q - i = -68. What is the units digit of q?
6
Suppose -2*m - 9439 = -3*h, -2*h - h - 3*m = -9459. What is the tens digit of h?
4
Let i(n) = -5*n - 2*n**3 + 1 + 0 + n**2 - 6*n**2 + 1. What is the units digit of i(-5)?
2
Let k(p) = -11*p**3 - 11*p + 11. What is the tens digit of k(-4)?
5
Let m(b) = -4*b - 6 + 3*b**2 - 5 - 10 - 2. What is the tens digit of m(-6)?
0
Let a = -12 + 16. Suppose n + 0*n - 30 = 5*l, 4*l = -2*n + a. What is the units digit of n?
0
Let x(h) be the third derivative of h**4/4 + h**3/6 - 3*h**2. Let s be x(-2). Let d(a) = a + 26. What is the tens digit of d(s)?
1
Let l(o) = -o**3 + 32*o**2 - 7*o + 62. What is the units digit of l(30)?
2
Let n = 12 + -9. Suppose 2*l = -3*l - 2*g - 41, -5*l = -n*g + 26. What is the units digit of l/((-42)/(-4))*-3?
2
Let s = -1 + 6. Suppose 0 = s*c - 25, 0 = -4*n + 2*n - 5*c + 47. Suppose -x = -9 - n. What is the tens digit of x?
2
Let d = -13 + 15. Let r(i) = 13 + 5*i - i**d + i - 7 + 7. What is the units digit of r(7)?
6
Suppose 0 = -3*t - t - 24. Let w be (-1476)/14 - t/14. Let p = w - -166. What is the units digit of p?
1
Let d(m) = m + 3. Let j = 5 + -6. Let o be d(j). Suppose -o*c + c + 3*a = -36, -4*a + 104 = 5*c. What is the tens digit of c?
2
Let q(y) = -2*y**3 - 2*y**2 - 5*y + 4. Let n be q(-3). Suppose -2*u = u + 2*l - 110, -u + 3*l = -n. What is the units digit of u?
0
Let x = -39 + 30. Suppose 2*s + s - 18 = 0. What is the units digit of 0 + (-8)/s*x?
2
Let w be (-2)/8*(-6 + -2). Let c be 12 + -6 - (w + -1